te the remainder when 9641858 is divided by 417.
401
What is the remainder when 5773181 is divided by 524832?
29
Calculate the remainder when 503812 is divided by 251868.
76
Calculate the remainder when 72621 is divided by 1494.
909
What is the remainder when 2318963 is divided by 1129?
1126
Calculate the remainder when 53525 is divided by 10512.
965
Calculate the remainder when 81300 is divided by 4619.
2777
Calculate the remainder when 74302822 is divided by 4009.
16
Calculate the remainder when 999524 is divided by 1021.
986
What is the remainder when 20671 is divided by 6596?
883
Calculate the remainder when 2039891 is divided by 1019876.
139
Calculate the remainder when 10258692 is divided by 15.
12
What is the remainder when 1540572607 is divided by 2956?
2955
What is the remainder when 328821 is divided by 109590?
51
What is the remainder when 2874798 is divided by 119?
115
Calculate the remainder when 2061356 is divided by 412262.
46
Calculate the remainder when 324100 is divided by 19051.
233
Calculate the remainder when 208704347 is divided by 2050.
2047
What is the remainder when 281292 is divided by 2756?
180
What is the remainder when 2043235 is divided by 170?
5
Calculate the remainder when 442434 is divided by 189.
174
What is the remainder when 212653 is divided by 19331?
12
Calculate the remainder when 1131244 is divided by 113099.
254
Calculate the remainder when 19222903 is divided by 16346.
7
Calculate the remainder when 12848802 is divided by 37.
34
Calculate the remainder when 59620413 is divided by 459.
444
What is the remainder when 34814768 is divided by 324?
320
What is the remainder when 2735423 is divided by 1671?
1667
Calculate the remainder when 1139196 is divided by 379711.
63
Calculate the remainder when 519573 is divided by 74224.
5
Calculate the remainder when 122437 is divided by 807.
580
Calculate the remainder when 155666 is divided by 38866.
202
What is the remainder when 8072926 is divided by 1345485?
16
Calculate the remainder when 22985 is divided by 3778.
317
Calculate the remainder when 1618958 is divided by 4130.
4128
What is the remainder when 484858707 is divided by 71?
62
What is the remainder when 18214 is divided by 2605?
2584
What is the remainder when 169197739 is divided by 3246?
3235
Calculate the remainder when 672041 is divided by 224008.
17
What is the remainder when 1650691 is divided by 431?
392
What is the remainder when 20468158 is divided by 767?
763
Calculate the remainder when 48327 is divided by 148.
79
What is the remainder when 3257335 is divided by 70?
25
What is the remainder when 41906609 is divided by 3744?
17
Calculate the remainder when 7748966 is divided by 31.
20
Calculate the remainder when 136656037 is divided by 574185.
7
What is the remainder when 33312 is divided by 10552?
1656
Calculate the remainder when 5203133 is divided by 25.
8
What is the remainder when 497473 is divided by 71060?
53
Calculate the remainder when 1734751 is divided by 4701.
82
What is the remainder when 899649 is divided by 89964?
9
What is the remainder when 378141 is divided by 86?
85
Calculate the remainder when 564136 is divided by 47007.
52
Calculate the remainder when 15041 is divided by 7501.
39
What is the remainder when 31225 is divided by 30552?
673
Calculate the remainder when 795031 is divided by 2524.
2495
Calculate the remainder when 3184471 is divided by 22.
15
What is the remainder when 2134623 is divided by 25?
23
Calculate the remainder when 93292061 is divided by 23323012.
13
What is the remainder when 241022152 is divided by 1184?
8
What is the remainder when 1221480 is divided by 203411?
1014
Calculate the remainder when 2680043 is divided by 326.
323
Calculate the remainder when 4952381 is divided by 26.
5
What is the remainder when 534420 is divided by 178140?
0
What is the remainder when 18570366 is divided by 455?
451
What is the remainder when 5337633 is divided by 395?
393
Calculate the remainder when 68500 is divided by 868.
796
What is the remainder when 459783629 is divided by 116?
113
Calculate the remainder when 411438 is divided by 131.
98
What is the remainder when 4301775 is divided by 242?
225
Calculate the remainder when 1049768 is divided by 17.
1
Calculate the remainder when 3015757295 is divided by 79.
77
Calculate the remainder when 326516 is divided by 273.
8
Calculate the remainder when 195325 is divided by 485.
355
What is the remainder when 4720497 is divided by 218?
143
Calculate the remainder when 13357709 is divided by 460610.
19
What is the remainder when 5844245 is divided by 323?
206
What is the remainder when 3062455 is divided by 765602?
47
What is the remainder when 7644356 is divided by 144?
116
Calculate the remainder when 272259 is divided by 1278.
45
What is the remainder when 112951 is divided by 22533?
286
Calculate the remainder when 32586 is divided by 3002.
2566
Calculate the remainder when 19064 is divided by 2652.
500
What is the remainder when 5310426 is divided by 4963?
16
What is the remainder when 3406627 is divided by 577?
19
Calculate the remainder when 68384574 is divided by 1257.
3
What is the remainder when 1087554 is divided by 3320?
1914
What is the remainder when 211049 is divided by 70349?
2
What is the remainder when 3509002 is divided by 3508985?
17
What is the remainder when 1567241 is divided by 1532?
5
What is the remainder when 1445333 is divided by 127?
73
Calculate the remainder when 504213 is divided by 1669.
175
Calculate the remainder when 2953355 is divided by 76.
71
What is the remainder when 1182303 is divided by 64?
31
What is the remainder when 303827625 is divided by 39?
36
What is the remainder when 16283666 is divided by 465244?
126
Calculate the remainder when 167968294 is divided by 9.
7
Calculate the remainder when 3414308 is divided by 33.
29
Calculate the remainder when 1364067 is divided by 7262.
6073
Calculate the remainder when 14092 is divided by 1703.
468
Calculate the remainder when 16147 is divided by 1296.
595
Calculate the remainder when 139272 is divided by 139258.
14
Calculate the remainder when 501780 is divided by 76.
28
What is the remainder when 883991 is divided by 46523?
54
Calculate the remainder when 3695531 is divided by 11919.
641
Calculate the remainder when 779171 is divided by 155.
141
What is the remainder when 541184 is divided by 89971?
1358
Calculate the remainder when 10359471 is divided by 67.
65
What is the remainder when 2819934 is divided by 4017?
0
What is the remainder when 9029700 is divided by 788?
8
Calculate the remainder when 652554 is divided by 3618.
1314
What is the remainder when 796634 is divided by 16?
10
Calculate the remainder when 1282044 is divided by 1097.
748
What is the remainder when 1074308 is divided by 1074072?
236
Calculate the remainder when 688296 is divided by 29465.
10601
Calculate the remainder when 277344629 is divided by 255.
254
What is the remainder when 976127 is divided by 448?
383
What is the remainder when 262937 is divided by 777?
311
What is the remainder when 5344294 is divided by 1708?
1670
Calculate the remainder when 849254 is divided by 53078.
6
Calculate the remainder when 25998 is divided by 8460.
618
Calculate the remainder when 154205399 is divided by 3274.
3273
What is the remainder when 516563 is divided by 172125?
188
What is the remainder when 334570 is divided by 47?
24
Calculate the remainder when 107597 is divided by 281.
255
Calculate the remainder when 596670 is divided by 2065.
1950
What is the remainder when 134095 is divided by 22343?
37
Calculate the remainder when 193453089 is divided by 13.
11
Calculate the remainder when 840474 is divided by 142.
118
Calculate the remainder when 5252060 is divided by 94.
92
Calculate the remainder when 20404 is divided by 9788.
828
Calculate the remainder when 1449629 is divided by 20.
9
Calculate the remainder when 4371 is divided by 1928.
515
Calculate the remainder when 87433 is divided by 3047.
2117
Calculate the remainder when 5272835 is divided by 52.
35
Calculate the remainder when 74133 is divided by 24710.
3
Calculate the remainder when 1230445 is divided by 16627.
47
What is the remainder when 423596 is divided by 1235?
1226
Calculate the remainder 